{"id":3487,"date":"2019-05-20T12:13:47","date_gmt":"2019-05-20T12:13:47","guid":{"rendered":"http:\/\/www.alindobrin.ro\/fotografii-de-familie\/?page_id=3487"},"modified":"2019-09-24T10:33:11","modified_gmt":"2019-09-24T10:33:11","slug":"despre-mine","status":"publish","type":"page","link":"https:\/\/www.alindobrin.ro\/fotografii-de-familie\/index.php\/despre-mine\/","title":{"rendered":"Despre mine"},"content":{"rendered":"<div id=\"about\" class=\"tatsu-fohema2cn41bak0a tatsu-section    tatsu-clearfix\" data-title=\"\"  data-headerscheme=\"background--light\"><div class='tatsu-section-pad clearfix' data-padding='{\"d\":\"0px 0px 0px 0px \"}' data-padding-top='0px'><div class=\"tatsu-row-wrap  tatsu-row-full-width tatsu-row-has-one-half tatsu-row-has-two-cols tatsu-no-gutter tatsu-eq-cols tatsu-fullscreen-cols  tatsu-clearfix tatsu-fohema2cnj82cl9q\" ><div  class=\"tatsu-row \" ><div  class=\"tatsu-column  tatsu-column-empty tatsu-one-half tatsu-animate tatsu-column-image-none tatsu-column-effect-none  tatsu-fohema2cntfudafe\" data-animation=\"fadeIn\"   data-parallax-speed=\"0\" style=\"\"><div class=\"tatsu-column-inner \" ><div class=\"tatsu-column-pad-wrap\"><div class=\"tatsu-column-pad\" ><\/div><\/div><div class = \"tatsu-column-bg-image-wrap\"><div class = \"tatsu-column-bg-image\" ><\/div><\/div><\/div><style>.tatsu-row > .tatsu-fohema2cntfudafe.tatsu-column{width: 50%;}.tatsu-fohema2cntfudafe.tatsu-column > .tatsu-column-inner > .tatsu-column-bg-image-wrap > .tatsu-column-bg-image{background-image: url(http:\/\/www.alindobrin.ro\/fotografii-de-familie\/wp-content\/uploads\/2019\/07\/IMG_3670.jpg);background-repeat: no-repeat;background-attachment: scroll;background-position: center left;background-size: cover;}.tatsu-fohema2cntfudafe.tatsu-column > .tatsu-column-inner > .tatsu-bg-blur{background-repeat: no-repeat;background-attachment: scroll;background-position: center left;background-size: cover;}.tatsu-fohema2cntfudafe.tatsu-column > .tatsu-column-inner > .tatsu-column-overlay{mix-blend-mode: none;}.tatsu-fohema2cntfudafe > .tatsu-column-inner > .tatsu-top-divider{z-index: 9999;}.tatsu-fohema2cntfudafe > .tatsu-column-inner > .tatsu-bottom-divider{z-index: 9999;}.tatsu-fohema2cntfudafe > .tatsu-column-inner > .tatsu-left-divider{z-index: 9999;}.tatsu-fohema2cntfudafe > .tatsu-column-inner > .tatsu-right-divider{z-index: 9999;}.tatsu-fohema2cntfudafe.tatsu-column{transform: translate3d(0px,0px, 0);}@media only screen and (max-width: 767px) {.tatsu-row > .tatsu-fohema2cntfudafe.tatsu-column{width: 100%;}}<\/style><\/div><div  class=\"tatsu-column  tatsu-column-no-bg tatsu-one-half tatsu-column-align-middle tatsu-column-image-none tatsu-column-effect-none  tatsu-fohema2cocahmcy9\" data-animation=\"fadeIn\"   data-parallax-speed=\"0\" style=\"\"><div class=\"tatsu-column-inner \" ><div class=\"tatsu-column-pad-wrap\"><div class=\"tatsu-column-pad\" ><div  class=\"tatsu-module tatsu-inline-text clearfix tatsu-fohema2cou2c91tn   \" data-animation=\"fadeIn\"  ><style>.tatsu-fohema2cou2c91tn .tatsu-inline-text-inner{width: 100%;text-align: left;}<\/style><div class=\"tatsu-inline-text-inner tatsu-align-center\">\n<h6 style=\"text-align: center;\">fotograf profesionist nunta<\/h6>\n<h2 style=\"text-align: center;\">Pasionat de fotografie, munte \u0219i muzic\u0103 bun\u0103<\/h2>\n<p style=\"text-align: center;\">Fotografiez evenimente (nun\u021bi, botezuri, petreceri de copii) de peste 10 ani \u0219i am experien\u021b\u0103 \u00een fotografie de mai bine de 20 de ani. \u00cemi place s\u0103 surprind emo\u021biile \u0219i spontaneitatea invita\u021bilor, frumuse\u021bea detaliilor \u0219i sa creez o poveste \u00een imagini pentru fiecare eveniment pe care \u00eel fotografiez. Este povestea unei zile speciale pentru voi,\u00a0 creat\u0103 de voi si povestit\u0103 de mine prin obiectivul camerei de fotografiat. Este o poveste pe care o ve\u021bi r\u0103sfoi cu drag mul\u021bi ani, poate pe parcursul mai multor genera\u021bii. Este povestea care ramane \u00een urma tuturor investi\u021biilor financiare \u0219i suflete\u0219ti pe care le face\u021bi pentru a s\u0103rb\u0103torii evenimente importante \u00een via\u021ba voastr\u0103: nunta, botezul sau aniversarile.\u00a0 <\/p>\n<\/div><\/div><div  class=\"tatsu-module tatsu-button-group align-center tatsu-fols7fqf8sg5xagk  \"  ><div  class=\"tatsu-module tatsu-normal-button tatsu-button-wrap   tatsu-fols7fqf93bfm6oq   \"><a class=\"tatsu-shortcode mediumbtn tatsu-button left-icon    bg-animation-none  \" href=\"http:\/\/www.alindobrin.ro\/fotografii-de-familie\/index.php\/preturi\/\" style= \"\" data-animation=\"fadeIn\"   aria-label=\"Pachete\" data-gdpr-atts={} >Pachete<\/a><style>.tatsu-fols7fqf93bfm6oq .tatsu-button{background-color: rgba(255,255,255,1);color: rgba(0,0,0,1) ;border-width: 01px;border-color: #000000; }.tatsu-fols7fqf93bfm6oq .tatsu-button:hover{background-color: rgba(0,0,0,1);color: rgba(255,255,255,1) ;border-color: #000000; }<\/style><\/div><div  class=\"tatsu-module tatsu-normal-button tatsu-button-wrap   tatsu-fols7fqf9hd9w9jj   \"><a class=\"tatsu-shortcode mediumbtn tatsu-button left-icon    bg-animation-none  \" href=\"http:\/\/www.alindobrin.ro\/fotografii-de-familie\/index.php\/contact-2\/\" style= \"\" data-animation=\"fadeIn\"   aria-label=\"Contact\" data-gdpr-atts={} >Contact<\/a><style>.tatsu-fols7fqf9hd9w9jj .tatsu-button{background-color: rgba(255,255,255,1);color: #000000 ;border-width: 01px;border-color: #000000; }.tatsu-fols7fqf9hd9w9jj .tatsu-button:hover{background-color: #ae9f6a;color: #ffffff ;border-color: #ae9f6a; }<\/style><\/div><\/div><style>.tatsu-fols7fqf8sg5xagk.tatsu-button-group{margin: 0px 0px 20px 0px;}<\/style><\/div><\/div><div class = \"tatsu-column-bg-image-wrap\"><div class = \"tatsu-column-bg-image\" ><\/div><\/div><\/div><style>.tatsu-row > .tatsu-fohema2cocahmcy9.tatsu-column{width: 50%;}.tatsu-fohema2cocahmcy9.tatsu-column > .tatsu-column-inner > .tatsu-column-pad-wrap > .tatsu-column-pad{padding: 120px 20% 120px 20% ;}.tatsu-fohema2cocahmcy9.tatsu-column > .tatsu-column-inner > .tatsu-column-overlay{mix-blend-mode: none;}.tatsu-fohema2cocahmcy9 > .tatsu-column-inner > .tatsu-top-divider{z-index: 9999;}.tatsu-fohema2cocahmcy9 > .tatsu-column-inner > .tatsu-bottom-divider{z-index: 9999;}.tatsu-fohema2cocahmcy9 > .tatsu-column-inner > .tatsu-left-divider{z-index: 9999;}.tatsu-fohema2cocahmcy9 > .tatsu-column-inner > .tatsu-right-divider{z-index: 9999;}.tatsu-fohema2cocahmcy9.tatsu-column{transform: translate3d(0px,0px, 0);}@media only screen and (max-width: 767px) {.tatsu-row > .tatsu-fohema2cocahmcy9.tatsu-column{width: 100%;}}<\/style><\/div><\/div><\/div><\/div><div class=\"tatsu-section-background-wrap\"><div class = \"tatsu-section-background\" ><\/div><\/div><style>.tatsu-fohema2cn41bak0a.tatsu-section{background-color: rgba(255,255,255,1);}.tatsu-fohema2cn41bak0a > .tatsu-bottom-divider{z-index: 9999;}.tatsu-fohema2cn41bak0a > .tatsu-top-divider{z-index: 9999;}<\/style><\/div>\n","protected":false},"excerpt":{"rendered":"<p><a href=\"https:\/\/www.alindobrin.ro\/fotografii-de-familie\/index.php\/despre-mine\/\" class=\"more-link style1-button\">Read More<\/a><\/p>","protected":false},"author":2,"featured_media":0,"parent":0,"menu_order":0,"comment_status":"closed","ping_status":"closed","template":"","meta":{"_monsterinsights_skip_tracking":false,"_monsterinsights_sitenote_active":false,"_monsterinsights_sitenote_note":"","_monsterinsights_sitenote_category":0},"yoast_head":"<!-- This site is optimized with the Yoast SEO plugin v17.4 - https:\/\/yoast.com\/wordpress\/plugins\/seo\/ -->\n<title>Despre mine - Fotografie de botez, portrete de familie \u2b50 Alin Dobrin<\/title>\n<meta name=\"robots\" content=\"index, follow, max-snippet:-1, max-image-preview:large, max-video-preview:-1\" \/>\n<link rel=\"canonical\" href=\"https:\/\/www.alindobrin.ro\/fotografii-de-familie\/index.php\/despre-mine\/\" \/>\n<meta property=\"og:locale\" content=\"en_US\" \/>\n<meta property=\"og:type\" content=\"article\" \/>\n<meta property=\"og:title\" content=\"Despre mine - Fotografie de botez, portrete de familie \u2b50 Alin Dobrin\" \/>\n<meta property=\"og:url\" content=\"https:\/\/www.alindobrin.ro\/fotografii-de-familie\/index.php\/despre-mine\/\" \/>\n<meta property=\"og:site_name\" content=\"Fotografie de botez, portrete de familie \u2b50 Alin Dobrin\" \/>\n<meta property=\"article:publisher\" content=\"https:\/\/www.facebook.com\/alin.dobrin\" \/>\n<meta property=\"article:modified_time\" content=\"2019-09-24T10:33:11+00:00\" \/>\n<meta property=\"og:image\" content=\"https:\/\/www.alindobrin.ro\/fotografii-de-familie\/wp-content\/uploads\/2019\/07\/AlinDobrin-Fotograf-de-familie2.jpg\" \/>\n\t<meta property=\"og:image:width\" content=\"600\" \/>\n\t<meta property=\"og:image:height\" content=\"600\" \/>\n<meta name=\"twitter:card\" content=\"summary_large_image\" \/>\n<meta name=\"twitter:label1\" content=\"Est. reading time\" \/>\n\t<meta name=\"twitter:data1\" content=\"6 minutes\" \/>\n<script type=\"application\/ld+json\" class=\"yoast-schema-graph\">{\"@context\":\"https:\/\/schema.org\",\"@graph\":[{\"@type\":\"Organization\",\"@id\":\"https:\/\/www.alindobrin.ro\/fotografii-de-familie\/#organization\",\"name\":\"Alin Dobrin\",\"url\":\"https:\/\/www.alindobrin.ro\/fotografii-de-familie\/\",\"sameAs\":[\"https:\/\/www.facebook.com\/alin.dobrin\",\"https:\/\/www.instagram.com\/adobrin\/\"],\"logo\":{\"@type\":\"ImageObject\",\"@id\":\"https:\/\/www.alindobrin.ro\/fotografii-de-familie\/#logo\",\"inLanguage\":\"en-US\",\"url\":\"https:\/\/www.alindobrin.ro\/fotografii-de-familie\/wp-content\/uploads\/2020\/02\/logonou_alb.png\",\"contentUrl\":\"https:\/\/www.alindobrin.ro\/fotografii-de-familie\/wp-content\/uploads\/2020\/02\/logonou_alb.png\",\"width\":2483,\"height\":797,\"caption\":\"Alin Dobrin\"},\"image\":{\"@id\":\"https:\/\/www.alindobrin.ro\/fotografii-de-familie\/#logo\"}},{\"@type\":\"WebSite\",\"@id\":\"https:\/\/www.alindobrin.ro\/fotografii-de-familie\/#website\",\"url\":\"https:\/\/www.alindobrin.ro\/fotografii-de-familie\/\",\"name\":\"Alin Dobrin - fotograf de nunta \/ botez \/ fotografii de familie\",\"description\":\"Studio foto in Bucuresti, fotografii de familie: aniversari, botez, portrete.\",\"publisher\":{\"@id\":\"https:\/\/www.alindobrin.ro\/fotografii-de-familie\/#organization\"},\"potentialAction\":[{\"@type\":\"SearchAction\",\"target\":{\"@type\":\"EntryPoint\",\"urlTemplate\":\"https:\/\/www.alindobrin.ro\/fotografii-de-familie\/?s={search_term_string}\"},\"query-input\":\"required name=search_term_string\"}],\"inLanguage\":\"en-US\"},{\"@type\":\"WebPage\",\"@id\":\"https:\/\/www.alindobrin.ro\/fotografii-de-familie\/index.php\/despre-mine\/#webpage\",\"url\":\"https:\/\/www.alindobrin.ro\/fotografii-de-familie\/index.php\/despre-mine\/\",\"name\":\"Despre mine - Fotografie de botez, portrete de familie \\u2b50 Alin Dobrin\",\"isPartOf\":{\"@id\":\"https:\/\/www.alindobrin.ro\/fotografii-de-familie\/#website\"},\"datePublished\":\"2019-05-20T12:13:47+00:00\",\"dateModified\":\"2019-09-24T10:33:11+00:00\",\"breadcrumb\":{\"@id\":\"https:\/\/www.alindobrin.ro\/fotografii-de-familie\/index.php\/despre-mine\/#breadcrumb\"},\"inLanguage\":\"en-US\",\"potentialAction\":[{\"@type\":\"ReadAction\",\"target\":[\"https:\/\/www.alindobrin.ro\/fotografii-de-familie\/index.php\/despre-mine\/\"]}]},{\"@type\":\"BreadcrumbList\",\"@id\":\"https:\/\/www.alindobrin.ro\/fotografii-de-familie\/index.php\/despre-mine\/#breadcrumb\",\"itemListElement\":[{\"@type\":\"ListItem\",\"position\":1,\"name\":\"Home\",\"item\":\"https:\/\/www.alindobrin.ro\/fotografii-de-familie\/\"},{\"@type\":\"ListItem\",\"position\":2,\"name\":\"Despre mine\"}]}]}<\/script>\n<!-- \/ Yoast SEO plugin. -->","yoast_head_json":{"title":"Despre mine - Fotografie de botez, portrete de familie \u2b50 Alin Dobrin","robots":{"index":"index","follow":"follow","max-snippet":"max-snippet:-1","max-image-preview":"max-image-preview:large","max-video-preview":"max-video-preview:-1"},"canonical":"https:\/\/www.alindobrin.ro\/fotografii-de-familie\/index.php\/despre-mine\/","og_locale":"en_US","og_type":"article","og_title":"Despre mine - Fotografie de botez, portrete de familie \u2b50 Alin Dobrin","og_url":"https:\/\/www.alindobrin.ro\/fotografii-de-familie\/index.php\/despre-mine\/","og_site_name":"Fotografie de botez, portrete de familie \u2b50 Alin Dobrin","article_publisher":"https:\/\/www.facebook.com\/alin.dobrin","article_modified_time":"2019-09-24T10:33:11+00:00","og_image":[{"width":600,"height":600,"url":"https:\/\/www.alindobrin.ro\/fotografii-de-familie\/wp-content\/uploads\/2019\/07\/AlinDobrin-Fotograf-de-familie2.jpg","type":"image\/jpeg"}],"twitter_card":"summary_large_image","twitter_misc":{"Est. reading time":"6 minutes"},"schema":{"@context":"https:\/\/schema.org","@graph":[{"@type":"Organization","@id":"https:\/\/www.alindobrin.ro\/fotografii-de-familie\/#organization","name":"Alin Dobrin","url":"https:\/\/www.alindobrin.ro\/fotografii-de-familie\/","sameAs":["https:\/\/www.facebook.com\/alin.dobrin","https:\/\/www.instagram.com\/adobrin\/"],"logo":{"@type":"ImageObject","@id":"https:\/\/www.alindobrin.ro\/fotografii-de-familie\/#logo","inLanguage":"en-US","url":"https:\/\/www.alindobrin.ro\/fotografii-de-familie\/wp-content\/uploads\/2020\/02\/logonou_alb.png","contentUrl":"https:\/\/www.alindobrin.ro\/fotografii-de-familie\/wp-content\/uploads\/2020\/02\/logonou_alb.png","width":2483,"height":797,"caption":"Alin Dobrin"},"image":{"@id":"https:\/\/www.alindobrin.ro\/fotografii-de-familie\/#logo"}},{"@type":"WebSite","@id":"https:\/\/www.alindobrin.ro\/fotografii-de-familie\/#website","url":"https:\/\/www.alindobrin.ro\/fotografii-de-familie\/","name":"Alin Dobrin - fotograf de nunta \/ botez \/ fotografii de familie","description":"Studio foto in Bucuresti, fotografii de familie: aniversari, botez, portrete.","publisher":{"@id":"https:\/\/www.alindobrin.ro\/fotografii-de-familie\/#organization"},"potentialAction":[{"@type":"SearchAction","target":{"@type":"EntryPoint","urlTemplate":"https:\/\/www.alindobrin.ro\/fotografii-de-familie\/?s={search_term_string}"},"query-input":"required name=search_term_string"}],"inLanguage":"en-US"},{"@type":"WebPage","@id":"https:\/\/www.alindobrin.ro\/fotografii-de-familie\/index.php\/despre-mine\/#webpage","url":"https:\/\/www.alindobrin.ro\/fotografii-de-familie\/index.php\/despre-mine\/","name":"Despre mine - Fotografie de botez, portrete de familie \u2b50 Alin Dobrin","isPartOf":{"@id":"https:\/\/www.alindobrin.ro\/fotografii-de-familie\/#website"},"datePublished":"2019-05-20T12:13:47+00:00","dateModified":"2019-09-24T10:33:11+00:00","breadcrumb":{"@id":"https:\/\/www.alindobrin.ro\/fotografii-de-familie\/index.php\/despre-mine\/#breadcrumb"},"inLanguage":"en-US","potentialAction":[{"@type":"ReadAction","target":["https:\/\/www.alindobrin.ro\/fotografii-de-familie\/index.php\/despre-mine\/"]}]},{"@type":"BreadcrumbList","@id":"https:\/\/www.alindobrin.ro\/fotografii-de-familie\/index.php\/despre-mine\/#breadcrumb","itemListElement":[{"@type":"ListItem","position":1,"name":"Home","item":"https:\/\/www.alindobrin.ro\/fotografii-de-familie\/"},{"@type":"ListItem","position":2,"name":"Despre mine"}]}]}},"_links":{"self":[{"href":"https:\/\/www.alindobrin.ro\/fotografii-de-familie\/index.php\/wp-json\/wp\/v2\/pages\/3487"}],"collection":[{"href":"https:\/\/www.alindobrin.ro\/fotografii-de-familie\/index.php\/wp-json\/wp\/v2\/pages"}],"about":[{"href":"https:\/\/www.alindobrin.ro\/fotografii-de-familie\/index.php\/wp-json\/wp\/v2\/types\/page"}],"author":[{"embeddable":true,"href":"https:\/\/www.alindobrin.ro\/fotografii-de-familie\/index.php\/wp-json\/wp\/v2\/users\/2"}],"replies":[{"embeddable":true,"href":"https:\/\/www.alindobrin.ro\/fotografii-de-familie\/index.php\/wp-json\/wp\/v2\/comments?post=3487"}],"version-history":[{"count":15,"href":"https:\/\/www.alindobrin.ro\/fotografii-de-familie\/index.php\/wp-json\/wp\/v2\/pages\/3487\/revisions"}],"predecessor-version":[{"id":3762,"href":"https:\/\/www.alindobrin.ro\/fotografii-de-familie\/index.php\/wp-json\/wp\/v2\/pages\/3487\/revisions\/3762"}],"wp:attachment":[{"href":"https:\/\/www.alindobrin.ro\/fotografii-de-familie\/index.php\/wp-json\/wp\/v2\/media?parent=3487"}],"curies":[{"name":"wp","href":"https:\/\/api.w.org\/{rel}","templated":true}]}}